be q(2). Let f(y) = 18*y - 13. Calculate the remainder when f(b) is divided by 16.
15
Let j(l) = 2*l**3 + 43*l**2 - 20*l + 48. Let u(d) = d + 4. Let g be u(5). Suppose 2*y - 1 = g. Calculate the remainder when y is divided by j(-22).
1
Suppose 0 = 2*r + 3*s - 644, 3*r - 2*s - 555 = 385. What is the remainder when r is divided by 62?
6
Let q = -22 - -26. Let v(t) = 6*t + 3. Calculate the remainder when v(q) is divided by (-2)/1*15/(-2).
12
Suppose 3*m - 101 + 5 = 0. Let r = m + 3. Let a(v) = 6*v + 26. What is the remainder when a(7) is divided by r?
33
Suppose 3 + 7 = -2*m. Let b(s) = -s**3 - 5*s**2 + 7. Let u be b(-5). What is the remainder when (u + m)/((-2)/(-28)) is divided by 8?
4
Suppose 32*n - 28*n = v - 52, 0 = 5*v - 2*n - 278. Calculate the remainder when 245 is divided by v.
21
Suppose -3*p + 108 = -0*p + 2*g, -p + 37 = g. What is the remainder when ((-3)/(-3))/((-10)/(-650)) is divided by p?
31
Suppose 37*u = 41*u - 12. Suppose -j + h - 4*h + 2 = 0, h = -4*j + 8. Calculate the remainder when ((36/(-20))/(-1))/(u/10) is divided by j.
0
Suppose 0 = f - 4*f + 279. Suppose 3*s + 6*a = 2*a + f, -s + 23 = 4*a. What is the remainder when s is divided by 2/(-2)*(-12 - 0)?
11
Suppose -64 = -5*f + 26. Calculate the remainder when f is divided by 4.
2
Let g = 1689 + -1409. What is the remainder when g is divided by 59?
44
Suppose -5*q = 3*n - 19, -2*n - q = -n - 7. Suppose t + n = 5*t. Calculate the remainder when 4 is divided by t.
0
Let g = 8 + 4. Let w be (12/10)/(3/280). Suppose 4*n - w = 4*z - 36, 0 = -2*z + 6. What is the remainder when n is divided by g?
10
Let w = 24 + -39. Let s be (w/6 - -3)*246. Suppose -2*u = -3*v - 116, -3*u = -4*v - 50 - s. What is the remainder when u is divided by 15?
10
Suppose 0 = -4*z - 4*y + 260, 5*z + y - 201 - 140 = 0. Calculate the remainder when z is divided by 15.
9
Let b(l) = 6*l - 1 + 3 + 0 + 2*l. Let c be b(-5). Let x = c + 56. What is the remainder when 34 is divided by x?
16
Suppose 0 = -4*m + 13*x - 17*x + 172, -m + 2*x + 43 = 0. What is the remainder when m is divided by 11?
10
Let x(r) = r**3 + 16*r**2 - 5*r - 18. What is the remainder when 1114 is divided by x(-16)?
60
Suppose 0 = n + 4, -4*d - 188 = -2*d + 4*n. Let l = -72 - d. What is the remainder when 23 is divided by l?
9
What is the remainder when 111 is divided by (-3 + 4)*8*(-1 + 3)?
15
Suppose 0 = -2*d + 42 - 18. What is the remainder when 21 is divided by d?
9
Let q(w) = 60*w + 447. Calculate the remainder when 608 is divided by q(-6).
86
Let s(i) = 3*i**3 + i**2 + i - 1. Let v(t) = 4*t**3 + t - 2. Let l(a) = -3*s(a) + 2*v(a). Let y = -34 + 31. What is the remainder when 3 is divided by l(y)?
1
Suppose 24 + 11 = n. Let o(z) = z**3 - 13*z**2 + 1. Let j be o(13). Calculate the remainder when n is divided by 9 - (1 - j - 0).
8
Suppose -2*h + a - 15 = -2*a, 22 = -3*h + 5*a. Let j = h + 44. Calculate the remainder when 139 is divided by j.
34
Let r(v) = v**3 + 7*v**2 + 7*v + 5. Calculate the remainder when r(-2) is divided by 10.
1
Let j = -242 - -540. Calculate the remainder when j is divided by (-60)/1*(14 - (-602)/(-42)).
18
Suppose z = -4*z + 3*v + 190, -2*v - 72 = -2*z. Calculate the remainder when z is divided by 49/14*(-2 + 9 + -3).
13
Suppose -355 = -859*u + 854*u. Calculate the remainder when u is divided by (-49)/(-2) + 2/4.
21
Suppose 3*i + 2*c = 85, -50 = 2*i - 6*i + 10*c. Calculate the remainder when 84 is divided by i.
9
Suppose -c = -z + 2, -z - 2*c + 1 = -4*c. Suppose -2*q + 102 = z*q - f, 0 = 3*f + 6. What is the remainder when q is divided by 4?
0
Calculate the remainder when 423 is divided by (14/10 - 1)*(-530)/(-4).
52
Suppose -5*q = -0*q - 20. Let j(w) = 19*w - 109. What is the remainder when j(8) is divided by q?
3
What is the remainder when 2 - 1 - (-4380)/15 is divided by 14?
13
What is the remainder when 111 is divided by (-570)/152*80/(-6)?
11
Let y(t) = 4*t**3 + 25*t**2 + 5*t - 22. Calculate the remainder when y(-5) is divided by 32.
14
Let f = 6 - -6. Let t(p) = 21*p - 12. Let d be t(f). Suppose -2*v - d = -7*v. Calculate the remainder when v is divided by 25.
23
Let d be 259/9 + (-30)/(-135). Suppose -2*c = 2*l + 46, c - 2 + d = l. Calculate the remainder when (-1565)/c + (-8)/(-20) is divided by 32.
31
Suppose 0 = -i + 6*i - 5*x - 10, 0 = -2*x - 2. Calculate the remainder when (61/(-2))/(i/(-2)) is divided by (8/(-12))/(2*2/(-96)).
13
Let z(j) = j**2 - 3*j - 14. Let k be 12/(-10)*60/(-12). Suppose -a = -2*s - s + 30, 4*s - 40 = a. Calculate the remainder when s is divided by z(k).
2
Let u(s) = 5*s - 5. Let v be 8*((-2)/1 + 4). Suppose z - v = -4*b - 3*z, b = -4*z - 8. Calculate the remainder when u(b) is divided by 12.
11
Calculate the remainder when 487 is divided by 912/26 - 10/130.
32
Suppose 26 = -3*a + 3*z - 2*z, 0 = 3*a + 4*z + 31. Let m = 69 + a. Calculate the remainder when m is divided by 16.
12
Suppose q = 5*p - 3*q + 35, 0 = -p - 5*q + 22. Let y(z) = -3*z**3 - 7*z**2 - 3*z - 6. Let r(h) = 13*h - 1. Calculate the remainder when y(p) is divided by r(1).
9
Suppose -4*s + 174 = 3*h, -3*s - 3*h = h - 127. What is the remainder when s is divided by 4?
1
Let r(h) = 16*h**2 - h + 1. Suppose -3*n = 0, -2*t + 3*n + 2*n = -2. Calculate the remainder when 109 is divided by r(t).
13
Let l = 2875 + -2845. Calculate the remainder when 473 is divided by l.
23
Suppose -14*o + 36 + 20 = 0. Let c(i) = 2*i**2 - 6*i + 9. Calculate the remainder when c(6) is divided by (-5 + 3)/(o + -2) - -25.
21
What is the remainder when 97 is divided by (-6)/(-90)*643 - (-2)/15?
11
Calculate the remainder when 124 is divided by (-8)/28*-111 - 4/(-14).
28
Suppose -40 = -1997*k + 1992*k. Suppose -75 = -3*w - 0*w + 4*x, 2*w - 55 = x. Calculate the remainder when w is divided by k.
5
Let l be -3 - (-18 + -1 + 4). Suppose 0 = -8*d + 4*d + l. What is the remainder when 9 is divided by d?
0
Let o(n) = 3*n**2 - 4*n + 2. Let c(a) = -a**2 - 6*a + 3. Let x be c(-6). What is the remainder when 80 is divided by o(x)?
12
Suppose -2*t = -92 + 12. Let j = 52 - t. Calculate the remainder when 33 is divided by j.
9
Suppose 5*o + 3*a = 8, -2*o + 20 = o - 2*a. Suppose 0 = o*d - 5*t - 73, 2*d + 25 = 3*d + t. What is the remainder when 65 is divided by d?
21
Suppose 0 = -3*z + 1110 + 1515. Suppose -z = g - 8*g. Calculate the remainder when g is divided by 14.
13
Let x be -1 + -1 + (5 - (-1 + 4)). Suppose 170 = -x*y + 5*y. Suppose 3*k = -3*r + 7*r - 37, -5*r - 5*k + 20 = 0. Calculate the remainder when y is divided by r.
6
What is the remainder when -15*(-9)/27 + 918 is divided by 155?
148
Let q = 149 - 88. Suppose -5*b = -5*l + 175, 0 = 5*l - 2*b - 13 - 153. Calculate the remainder when q is divided by l.
29
Suppose -3*t + 1 = 13, -4*x + 5*t = -40. What is the remainder when ((-6)/(-9))/(2/33) is divided by x?
1
Let n(v) = v**3 - 35*v**2 - 8*v + 327. Calculate the remainder when 313 is divided by n(35).
31
Suppose 50*p = 14*p + 2412. What is the remainder when 256 is divided by p?
55
Let w(d) = 4*d + 1. Let k = -123 + 142. Calculate the remainder when w(13) is divided by k.
15
Suppose 0*j + j + 17 = 3*g, 2*j = -2*g + 6. What is the remainder when 16 is divided by g?
1
Let z = 37 - 39. Calculate the remainder when 215 is divided by z/(-4) + 6 + (-294)/(-12).
29
Suppose 7*r = 2*r. Suppose u - 5*k - 6 = 0, r*u + 5*u = 5*k + 90. Calculate the remainder when (1*3)/(11*(-10)/(-2970)) is divided by u.
18
Let h(j) = 3*j**2 - 4. Let o be ((0/(-4))/(-3))/(-1). Suppose 13 + 10 = 3*r - 5*p, -4*r + 4*p + 28 = o. Calculate the remainder when h(3) is divided by r.
5
Let c = -3116 + 3125. What is the remainder when 1*3/(6/50) is divided by c?
7
Suppose 0 = r + 3, 2*r - 312 = -4*g + 226. Calculate the remainder when g is divided by 46.
44
Let r = -848 + 858. Calculate the remainder when 39 is divided by r.
9
Suppose -5634 = -94*f + 30086. What is the remainder when f is divided by 105?
65
Suppose 3*k + 1 = -5*x, -x - 30 = -5*k + 15. What is the remainder when 24 is divided by k?
0
Suppose 0*b + 5 = 3*i + b, -5*b - 5 = 5*i. Suppose -103 = -i*r + 2*q, 2*r + r - 113 = 4*q. What is the remainder when 123 is divided by r?
30
Suppose 4*d + 80 = 9*d. Calculate the remainder when 159 is divided by d.
15
Suppose 6*x + 6 = 9*x. Let y = 183 + x. What is the remainder when y is d